7 divide 17552?
False
Is 10 a factor of 1171?
False
Does 52 divide 2548?
True
Is 602 a multiple of 5?
False
Is 36 a factor of 5760?
True
Is 827 a multiple of 3?
False
Is 17 a factor of 18775?
False
Does 5 divide 208?
False
Is 26 a factor of 494?
True
Does 2 divide 1740?
True
Is 1576 a multiple of 25?
False
Is 26 a factor of 2340?
True
Does 5 divide 154?
False
Is 171 a multiple of 2?
False
Is 164 a multiple of 41?
True
Does 25 divide 27688?
False
Is 12895 a multiple of 37?
False
Does 25 divide 1600?
True
Is 20 a factor of 260?
True
Is 2 a factor of 3232?
True
Is 177 a multiple of 17?
False
Is 99 a factor of 891?
True
Is 46 a factor of 61840?
False
Is 2890 a multiple of 34?
True
Is 5 a factor of 90?
True
Is 71 a factor of 1917?
True
Does 100 divide 11400?
True
Is 38910 a multiple of 57?
False
Is 247 a multiple of 13?
True
Does 16 divide 208?
True
Does 3 divide 102?
True
Is 6592 a multiple of 64?
True
Is 4375 a multiple of 117?
False
Does 13 divide 78036?
False
Is 34150 a multiple of 23?
False
Is 1817 a multiple of 23?
True
Is 10 a factor of 2708?
False
Is 850 a multiple of 17?
True
Is 11 a factor of 1905?
False
Is 122 a factor of 1098?
True
Is 17612 a multiple of 34?
True
Does 36 divide 7848?
True
Does 6 divide 196?
False
Does 265 divide 27658?
False
Is 294 a multiple of 12?
False
Is 15 a factor of 4663?
False
Does 4 divide 320?
True
Does 42 divide 504?
True
Is 578 a multiple of 8?
False
Is 105 a multiple of 14?
False
Is 341 a multiple of 84?
False
Does 114 divide 22002?
True
Is 11374 a multiple of 22?
True
Is 1765 a multiple of 2?
False
Is 5 even?
False
Is 17 a factor of 6362?
False
Is 58 a factor of 6934?
False
Is 73088 a multiple of 202?
False
Does 109 divide 7682?
False
Is 31 a factor of 326?
False
Does 14 divide 939?
False
Is 161 a factor of 22862?
True
Does 140 divide 1400?
True
Is 226 a factor of 38646?
True
Is 20 a factor of 16680?
True
Is 51 a factor of 526?
False
Does 4 divide 1568?
True
Is 8295 a multiple of 21?
True
Does 22 divide 528?
True
Does 40 divide 2600?
True
Is 30090 a multiple of 17?
True
Is 2548 a multiple of 28?
True
Is 4716 a multiple of 36?
True
Does 12 divide 4430?
False
Does 23 divide 253?
True
Does 96 divide 5568?
True
Is 33 a multiple of 10?
False
Does 161 divide 3542?
True
Is 27 a factor of 114129?
True
Is 960 a multiple of 11?
False
Is 6405 a multiple of 15?
True
Is 1862 a multiple of 19?
True
Is 1113 a multiple of 80?
False
Is 4174 a multiple of 5?
False
Does 4 divide 235?
False
Is 391 a factor of 67643?
True
Is 264 a multiple of 28?
False
Is 73 a factor of 8833?
True
Is 261 a multiple of 2?
False
Does 41 divide 5986?
True
Is 12 a factor of 756?
True
Is 7 a factor of 7042?
True
Is 19778 a multiple of 62?
True
Is 18 a factor of 1392?
False
Does 27 divide 1161?
True
Is 863 a multiple of 6?
False
Is 102 a multiple of 6?
True
Does 9 divide 46948?
False
Does 3 divide 39?
True
Is 5508 a multiple of 12?
True
Is 44 a factor of 2904?
True
Is 9744 a multiple of 64?
False
Does 68 divide 3492?
False
Is 2 a factor of 199?
False
Does 18 divide 9704?
False
Is 27 a factor of 9715?
False
Is 90 a factor of 5788?
False
Is 78 a factor of 860?
False
Is 168 a multiple of 7?
True
Is 24666 a multiple of 19?
False
Does 86 divide 2408?
True
Is 19 a factor of 325?
False
Is 2454 a multiple of 16?
False
Does 52 divide 3016?
True
Does 28 divide 886?
False
Is 3472 a multiple of 15?
False
Is 25 a factor of 4751?
False
Is 97 a multiple of 5?
False
Does 23 divide 57178?
True
Is 498 a multiple of 25?
False
Does 9 divide 2970?
True
Is 288 a multiple of 24?
True
Is 10 a factor of 18615?
False
Is 12546 a multiple of 120?
False
Is 29112 a multiple of 27?
False
Does 63 divide 16632?
True
Is 5 a factor of 15?
True
Is 35476 a multiple of 38?
False
Is 321 a multiple of 10?
False
Is 41 a factor of 7052?
True
Does 13 divide 624?
True
Is 101 a factor of 11009?
True
Is 126 a factor of 6678?
True
Is 9 a factor of 1980?
True
Does 26 divide 244?
False
Is 38 a factor of 16264?
True
Does 18 divide 19242?
True
Is 43835 a multiple of 11?
True
Is 23644 a multiple of 23?
True
Is 4447 a multiple of 16?
False
Does 13 divide 1333?
False
Does 7 divide 28?
True
Is 1123 a multiple of 5?
False
Does 21 divide 294?
True
Is 1129 a multiple of 4?
False
Does 23 divide 864?
False
Is 4540 a multiple of 3?
False
Is 7007 a multiple of 143?
True
Is 22 a factor of 1122?
True
Is 791 a multiple of 7?
True
Is 6277 a multiple of 10?
False
Is 34333 a multiple of 139?
True
Does 18 divide 8334?
True
Does 86 divide 1032?
True
Does 41 divide 77982?
True
Is 11 a factor of 859?
False
Does 4 divide 900?
True
Is 33920 a multiple of 128?
True
Is 20 a factor of 4751?
False
Is 18 a factor of 324?
True
Does 19 divide 2333?
False
Is 1632 a multiple of 8?
True
Does 30 divide 720?
True
Is 3 a factor of 89?
False
Does 37 divide 34628?
False
Does 3 divide 124?
False
Is 9 a factor of 45898?
False
Does 16 divide 2288?
True
Does 65 divide 65260?
True
Is 117 a multiple of 9?
True
Is 3 a factor of 493?
False
Does 3 divide 1929?
True
Does 24 divide 4376?
False
Does 11 divide 121164?
False
Is 14308 a multiple of 80?
False
Is 12 a factor of 839?
False
Is 49 a factor of 736?
False
Is 616 a multiple of 8?
True
Is 734 a multiple of 4?
False
Is 12 a factor of 651?
False
Does 14 divide 4022?
False
Is 860 a multiple of 19?
False
Is 77 a factor of 1485?
False
Is 1124 a multiple of 18?
False
Is 1476 a multiple of 9?
True
Does 19 divide 1482?
True
Does 11 divide 1449?
False
Is 2687 a multiple of 25?
False
Is 23 a factor of 24564?
True
Does 11 divide 591?
False
Is 2814 a multiple of 21?
True
Does 11 divide 1621?
False
Is 16768 a multiple of 45?
False
Is 6 a factor of 179?
False
Is 53 a factor of 12040?
False
Is 10 a factor of 25420?
True
Is 56271 a multiple of 77?
False
Is 770 a multiple of 7?
True
Is 864 a multiple of 6?
True
Is 4 a factor of 22?
False
Is 832 a multiple of 21?
False
Is 26 a factor of 41564?
False
Is 55 a multiple of 5?
True
Is 15 a factor of 3517?
False
Does 20 divide 2880?
True
Is 6741 a multiple of 9?
True
Is 3 a factor of 159?
True
Is 244 a multiple of 61?
True
Is 15 a factor of 64440?
True
Does 10 divide 590?
True
Does 11 divide 9194?
False
Is 24000 a multiple of 50?
True
Does 44 divide 1012?
True
Is 11 a factor of 551?
False
Is 68 a factor of 6648?
False
Is 484 a multiple of 11?
True
Does 4 divide 172?
True
Is 26 a factor of 1855?
False
Is 2233 a multiple of 60?
False
Is 192 a multiple of 16?
True
Is 352 a multiple of 16?
True
Is 10712 a multiple of 103?
True
Does 75 divide 4650?
True
Is 4 a factor of 1014?
False
Is 84 a factor of 2436?
True
Does 102 divide 46512?
True
Is 3 a factor of 12536?
False
Is 24 a factor of 1128?
True
Does 7 divide 7507?
False
Is 33 a factor of 2838?
True
Is 76 a factor of 294?
False
Does 74 divide 3478?
True
Is 12 a factor of 1411?
False
Is 82 a factor of 3985?
False
Is 126 a multiple of 18?
True
Is 5180 a multiple of 7?
True
Does 23 divide 1369?
False
Is 8453 a multiple of 133?
False
Does 19 divide 135?
False
Does 37 divide 15481?
False
Is 4744 a multiple of 34?
False
Is 53 a factor of 6731?
True
Does 19 divide 76?
True
Does 443 divide 64678?
True
Is 2305 a multiple of 95?
False
Is 6005 a multiple of 36?
False
Does 31 divide 1736?
True
Is 4572 a multiple of 12?
True
Does 58 divide 29071?
False
Is 20 a factor of 2860?
True
Is 72 a factor of 8424?
True
Is 4 a factor of 48?
True
Is 6729 a multiple of 15?
False
Does 28 divide 280?
True
Does 26 divide 63558?
False
Is 2 a factor of 336?
True
Does 40 divide 43?
False
Does 348 divide 113462?
False
Does 4 divide 223?
False
Is 89 a multiple of 17?
False
Is 2852 a multiple of 23?
True
Does 10 divide 950?
True
Does 87 divide 799?
False
Is 349 a multiple of 11?
False
Is 3 a factor of 14394?
True
Does 11 divide 1705?
True
Does 23 divide 2047?
True
Is 13 a factor of 23923?
False
Is 33 a factor of 858?
True
Is 123 even?
False
Does 70 divide 106648?
False
Is 19 a factor of 33592?
True
Does 16 divide 49024?
True
Does 51 divide 1618?
False
Does 32 divide 255?
False
Is 6659 a multiple of 71?
False
Is 4300 a multiple of 4?
True
Is 88 a factor of 5368?
True
Is 1102 a multiple of 38?
True
Does 17 divide 8585?
True
Does 92 divide 3849?
False
Is 16 a factor of 2012?
False
Is 17792 a multiple of 128?
True
Does 135 divide 13784?
False
Is 1798 even